2*l + 5 = d + 15, 0 = -d + 4. Suppose l - 15 = -4*g. Suppose g*x = 25 + 1. What is the tens digit of x?
1
Suppose 6637 = 2*k - 2*o - 389, 2*k - 7041 = 5*o. What is the thousands digit of k?
3
Suppose -12 = -7*a + 3*a. Suppose 2*i = -0*i - 4*l + 86, 0 = -a*i - 3*l + 120. What is the tens digit of i?
3
Let q(v) = v**2 + 12*v - 8. Let o be q(-13). Suppose -w + 7 = -z - 5*w, o*z = -4*w - 3. What is the tens digit of (1 - -2 - -54)/z?
5
What is the tens digit of (-4372)/(-2) - (4 + -2)?
8
Let u = -8 - -11. Suppose -a = -4*a + u. What is the units digit of 9*(a - 1 - -1)?
9
Suppose -8*n + 26*n = 198. What is the tens digit of n?
1
Let l(j) = -j**3 + 20*j**2 - 7*j - 5. Let p be l(9). Suppose -p = -6*m - 115. What is the tens digit of m?
1
Let p(g) = -41*g**2 + 1. Let v be p(-1). Let i = 47 + v. What is the units digit of i?
7
Suppose x - 3*u = -4*x + 318, 0 = 3*x + 2*u - 206. Let j be -15*3*(-25)/(-15). What is the units digit of (-30)/j + x/10?
7
Let l(s) = -s**3 - 11*s**2 + 49*s - 55. What is the hundreds digit of l(-17)?
8
Let v(z) = 2*z - 4. Let u be v(-4). What is the tens digit of (27/u)/(2/(-24))?
2
Let h = -1018 + 2306. What is the thousands digit of h?
1
Suppose -4*a - 2*q = -176, 4*q = -5*a + 114 + 106. Suppose 39*t + 650 = a*t. What is the units digit of t?
0
Let o(j) = 6*j**2 - 4*j + 14. Let i be o(5). Let q = -56 + i. What is the units digit of q?
8
Let l(v) = -1 + 3 - 3*v + 1. Let z = 3 - 9. What is the tens digit of l(z)?
2
Suppose 6*b - 827 = 193. What is the units digit of b?
0
Suppose -4*o = -4*r + 4184, -14*o + 9*o - 1054 = -r. What is the tens digit of r?
4
Let w(j) = -j**2 + 5*j + 1. Let v(q) = q + 2. Let u(t) = v(t) - w(t). Suppose -2*p = 4*i - 6, 0*i + i + 2*p = -6. What is the units digit of u(i)?
1
Let n(r) = r + 2*r + 61*r**2 - 1 - 2*r. What is the units digit of n(-1)?
9
Suppose -5*i + 9 = -8*i. What is the units digit of -18*3/27*i?
6
Let u be (-174)/(-9) + (-2 - (-40)/15). What is the tens digit of 0 - ((-275)/u)/(2/8)?
5
Let k(i) = i**2 + 6. Suppose 3*t + 3*l + 15 = 0, 0 = -4*t - 0*t + 2*l + 10. Let p be k(t). Let d(x) = -x**2 + 6*x + 2. What is the units digit of d(p)?
2
Let z(a) = a**3 - a**2 - 11*a + 4. Let i be z(4). What is the tens digit of (7/2)/(i/80)?
3
Suppose 3*r + 216 = 57*r. What is the units digit of r?
4
Suppose -758*h + 753*h + 9930 = 0. What is the units digit of h?
6
Let k(b) = b**2 + 5*b - 269. What is the units digit of k(-49)?
7
Suppose 0 = m - 6*m - d - 117, 4*m + 3*d + 98 = 0. What is the tens digit of m/(8/30 - 21/35)?
6
Let q(t) = -7*t - 16. Let h be q(-3). Suppose 0*s + 3*l = -h*s + 441, s - 79 = 4*l. What is the units digit of s?
7
Let c(p) = -9*p - 138. Let j(k) = 5*k + 69. Suppose 0 = 6*a + 4 + 14. Let s(l) = a*c(l) - 5*j(l). What is the tens digit of s(0)?
6
Let r = -95 - -166. Suppose s - 2*o - 2*o - r = 0, -5*s + 440 = -3*o. What is the units digit of s?
1
Let q = -655 - -1195. Suppose y = 6*y - q. What is the tens digit of y?
0
Let k(f) = 6*f**2 + f - 8. What is the tens digit of k(-11)?
0
Suppose 5*l = -5*a + 805 - 100, -2*a + 3*l = -292. What is the tens digit of a?
4
Suppose 4*y = 2*l - 1034, -13*l - 4*y + 1010 = -11*l. What is the units digit of l?
1
Let o(r) = 14*r + 337. What is the hundreds digit of o(0)?
3
Let l be (-6)/27 + (-11)/(-9) - 1. Suppose l = 3*x + 2*x - 430. What is the units digit of x?
6
Let t(n) = n - 15. Suppose 0 = 2*l - 19 - 15. Let j be t(l). Suppose j*f - 30 - 74 = 0. What is the tens digit of f?
5
Suppose 3*n - 3240 = -9*n. What is the hundreds digit of n?
2
Suppose -6312 = 8*n - 26176. What is the tens digit of n?
8
Let g = 2966 - 2009. What is the hundreds digit of g?
9
Suppose -3*s = 10*s - 4277. What is the tens digit of s?
2
What is the hundreds digit of (-2)/10 - ((-24997)/35 + -1)?
7
Suppose -3*g + 27 = 3*s, g + 5*s - 4 - 9 = 0. Suppose g*x - 826 - 166 = 0. What is the units digit of x?
4
Suppose -3*j - j + 16 = 0. Suppose 107 = -4*l + 707. Suppose -2*z = j*t - 200, z - 6*z + l = 3*t. What is the tens digit of t?
5
Suppose -6*c + 6 + 6 = 0. Suppose 0 = f - c*f + 43. What is the tens digit of f?
4
Suppose -5*c = -1610 - 5. What is the hundreds digit of c?
3
What is the hundreds digit of 5 - 4/(24/(-18))*71?
2
Let z(w) = -127*w + 13. Let o be z(-6). Suppose -10*g + 825 = -o. What is the units digit of g?
0
What is the tens digit of (53*-3)/(((-54)/(-68))/(-9))?
0
Let r = 128 + -62. What is the tens digit of (2/4)/(1/r)?
3
Let p = -15 + 7. Let n(k) = k**3 + 8*k**2 + 5*k - 7. Let y be n(p). Let d = y + 78. What is the tens digit of d?
3
Suppose 18*z - 2332 = -2*w + 17*z, 3*w + z = 3496. What is the hundreds digit of w?
1
Let h be ((-110)/(-20))/((-2)/(-24)). Suppose -3*s + h = 3*s. What is the units digit of s?
1
Let p be ((-7)/(-1))/((-3)/(-3)). Suppose 0 = 4*q + p - 51. Suppose -q = -5*a + 4. What is the units digit of a?
3
Let w be 2*(15/(-60) - 1/4). What is the tens digit of ((-302)/2)/w + -1?
5
Let q = -11 + 6. Let w be (0 - -6) + q + 3. What is the tens digit of (w + -6)*111/(-6)?
3
Suppose 500 = -8*j + 3*j. Let l = 119 + j. What is the units digit of l?
9
Suppose 6*n - 3775 = -5*o + n, 2*n + 1526 = 2*o. What is the tens digit of o?
5
Let y(t) = t + 15. Let a be y(-14). What is the units digit of (-3 - -11) + (-4 - a)?
3
Suppose 19 = 2*w + 9. Suppose 5*s - 300 = 9*h - 4*h, 3*h - 260 = -w*s. Suppose -4*j = -3*j - 5*l - 11, 5*j = -3*l + s. What is the units digit of j?
1
Let c(t) be the second derivative of t**3/3 + t**2/2 - 4*t. Let v be c(3). Suppose -3*k = o - 57, 3*o = v*k - 2*k - 109. What is the tens digit of k?
2
Let m = -15 - -15. What is the tens digit of 2 + (58 - (-1 + m))?
6
Suppose 4*b - 4*i - 564 + 132 = 0, 0 = 2*b + 2*i - 196. What is the hundreds digit of b?
1
Let c = -440 + 690. Suppose 0 = -4*h + h, -h - c = -5*f. What is the units digit of f?
0
Suppose -2*g = -0 - 6. Suppose 5*l = -5*r + 8 - g, r + 2 = 0. Suppose -5*z + 81 = -s, -24 = -5*z + l*s + 49. What is the tens digit of z?
1
Let v = 402 - -163. What is the units digit of v?
5
Suppose -104*i = -114*i + 60230. What is the thousands digit of i?
6
Suppose -40 = 4*o + 4. Suppose a = -t + 18, -4*t + a + 82 = 3*a. Let c = o + t. What is the tens digit of c?
1
Let g(v) = -4*v**2 - 7*v + 17. Let w(z) = z. Let k(t) = -g(t) + 2*w(t). What is the hundreds digit of k(-9)?
2
Let c(y) = -y**2 + 16*y - 18. Let o = 15 - 0. Let q be c(o). Let r(x) = -x**2 - 5*x + 7. What is the units digit of r(q)?
3
Let o(v) be the second derivative of v**5/20 - v**3/6 + 11*v**2 + 2*v. Suppose 0*u = 5*u. What is the units digit of o(u)?
2
Let u be 2/(-7) + -41*36/(-21). Let w = 56 + u. What is the hundreds digit of w?
1
Let r = 923 - 527. What is the tens digit of r?
9
Let i(c) = 3*c**2 + 6*c + 6. What is the units digit of i(-5)?
1
Suppose -y - 5*z - 34 = 0, -5*y - 3*z - z = 212. Let j be -4*(-4)/(-24)*39. Let m = j - y. What is the units digit of m?
8
Suppose -29*f + 6447 = -8*f. What is the hundreds digit of f?
3
Let w(a) be the first derivative of -a**4/2 - 5*a**3/3 - 5*a**2/2 + 2*a + 31. What is the units digit of w(-3)?
6
Let f = -2358 - -3215. What is the hundreds digit of f?
8
Let b = 15 + -12. Let f be (-5)/(-2)*(-36)/(-30). Suppose -f*s = 4*j - 3, -4 - 2 = j + b*s. What is the units digit of j?
3
Let x = 4080 - 2357. Suppose 4*m - 6*m + s = -691, 0 = 5*m + 2*s - x. What is the hundreds digit of m?
3
Let m(i) be the third derivative of -13/6*i**3 + 0*i + 0 - 1/6*i**4 + 2*i**2. What is the tens digit of m(-9)?
2
Suppose -5*v - 3*m = -860, 103*m = -3*v + 102*m + 512. What is the units digit of v?
9
Let r(y) = 3*y**3 - 2*y**2 + 2. Let z(k) = k**3 - 4*k**2 + k + 2. Let m be z(3). Let b be 16/(-20)*10/m. What is the units digit of r(b)?
8
Let y(r) = 107*r - 109*r + 3*r**2 - 9 - 2*r**2. What is the units digit of y(-9)?
0
Let n(g) = -g + 5. Let x be n(-2). Suppose -4*i + x*i = 132. What is the units digit of i?
4
Let f = 2345 + -1577. Suppose f = 3*j + 5*j. What is the units digit of j?
6
Suppose 12*y = 23*y - 10087. What is the hundreds digit of y?
9
Let o be (-2)/3*(-826 - -1). Suppose 8*x = o - 174. What is the tens digit of x?
4
Suppose 21*a - 7029 = 12*a. What is the units digit of a?
1
What is the hundreds digit of 1325/3 + 28/84?
4
Suppose 5*c + w + 4 = 0, -6*c + 11*c = -5*w. Let k(z) = 3*z**2 - 